se 8?
-3
Convert 2 (base 5) to base 11.
2
What is 4 (base 9) in base 6?
4
What is -1 (base 3) in base 9?
-1
What is 26 (base 15) in base 16?
24
Convert 17 (base 14) to base 3.
210
Convert -1 (base 16) to base 11.
-1
What is 15 (base 16) in base 5?
41
-9 (base 11) to base 10
-9
What is -352 (base 6) in base 14?
-a0
What is 224 (base 5) in base 15?
44
3 (base 5) to base 6
3
Convert a0 (base 16) to base 13.
c4
What is 4 (base 5) in base 11?
4
Convert -4 (base 13) to base 3.
-11
Convert -1111 (base 2) to base 11.
-14
Convert 33 (base 15) to base 8.
60
2d (base 15) to base 10
43
Convert -4a (base 11) to base 4.
-312
Convert 11 (base 3) to base 6.
4
What is -2304 (base 5) in base 14?
-197
What is -77 (base 8) in base 2?
-111111
Convert 4 (base 7) to base 14.
4
-117 (base 13) to base 6
-513
1 (base 2) to base 15
1
-3 (base 5) to base 3
-10
What is -138 (base 15) in base 4?
-10112
31 (base 10) to base 14
23
-11021 (base 3) to base 7
-223
Convert -44 (base 14) to base 5.
-220
Convert -1 (base 16) to base 6.
-1
-6 (base 9) to base 15
-6
Convert 10 (base 7) to base 12.
7
11 (base 11) to base 4
30
Convert 48 (base 14) to base 4.
1000
-101 (base 2) to base 7
-5
43 (base 7) to base 3
1011
-3 (base 6) to base 16
-3
What is -11 (base 12) in base 3?
-111
-22 (base 10) to base 8
-26
What is 13 (base 9) in base 8?
14
Convert 8 (base 11) to base 16.
8
10 (base 10) to base 16
a
-38 (base 9) to base 8
-43
Convert -25 (base 12) to base 11.
-27
10 (base 10) to base 16
a
What is 13 (base 12) in base 14?
11
What is 255 (base 7) in base 12?
b6
-41 (base 13) to base 8
-65
Convert 30 (base 5) to base 11.
14
d (base 16) to base 15
d
What is 100 (base 2) in base 10?
4
32 (base 14) to base 7
62
10313 (base 4) to base 9
375
What is 9 (base 10) in base 8?
11
What is 56 (base 14) in base 9?
84
What is -6 (base 14) in base 5?
-11
Convert 1 (base 13) to base 11.
1
22 (base 15) to base 16
20
-225 (base 7) to base 10
-117
-1243 (base 5) to base 16
-c6
Convert 8 (base 11) to base 13.
8
-3b (base 15) to base 16
-38
Convert 11 (base 4) to base 16.
5
What is 154 (base 8) in base 5?
413
What is 1 (base 6) in base 11?
1
What is -40 (base 5) in base 6?
-32
40 (base 5) to base 3
202
101011010 (base 2) to base 15
181
What is 4 (base 10) in base 3?
11
Convert -5 (base 16) to base 6.
-5
What is 33 (base 16) in base 15?
36
20 (base 12) to base 8
30
What is -5 (base 10) in base 3?
-12
Convert 32 (base 4) to base 7.
20
What is -100 (base 2) in base 9?
-4
What is 0 (base 9) in base 8?
0
What is 12 (base 3) in base 5?
10
What is 16 (base 8) in base 3?
112
-1 (base 5) to base 2
-1
Convert -22 (base 5) to base 11.
-11
3 (base 13) to base 14
3
What is 2012 (base 3) in base 13?
47
1 (base 15) to base 10
1
-1 (base 16) to base 9
-1
0 (base 15) to base 7
0
What is 2 (base 4) in base 12?
2
What is -a6 (base 12) in base 14?
-90
What is 107 (base 8) in base 2?
1000111
-118 (base 9) to base 10
-98
What is -120 (base 4) in base 6?
-40
Convert 9 (base 13) to base 10.
9
What is -5 (base 11) in base 12?
-5
What is 110 (base 2) in base 12?
6
0 (base 8) to base 6
0
-84 (base 11) to base 4
-1130
2 (base 12) to base 8
2
Convert 2 (base 13) to base 5.
2
Convert -33 (base 4) to base 6.
-23
What is -3 (base 9) in base 6?
-3
What is -155 (base 10) in base 3?
-12202
Convert 11 (base 4) to base 8.
5
Convert -1 (base 3) to base 7.
-1
What is -2030 (base 4) in base 12?
-b8
Convert -37 (base 16) to base 9.
-61
What is 2 (base 11) in base 14?
2
Convert -41 (base 16) to base 11.
-5a
What is 168 (base 12) in base 13?
143
Convert 14 (base 11) to base 13.
12
What is 10 (base 9) in base 4?
21
223 (base 7) to base 2
1110011
What is -16 (base 9) in base 7?
-21
39 (base 16) to base 15
3c
-7 (base 11) to base 14
-7
Convert -4c (base 13) to base 3.
-2101
Convert 30 (base 7) to base 14.
17
What is 3 (base 9) in base 13?
3
What is -100101 (base 2) in base 7?
-52
Convert 123 (base 12) to base 13.
102
Convert 79 (base 12) to base 16.
5d
-2 (base 12) to base 8
-2
Convert 2a (base 16) to base 6.
110
-3 (base 11) to base 14
-3
What is -15d (base 16) in base 8?
-535
12 (base 4) to base 9
6
What is -9 (base 11) in base 7?
-12
What is -13 (base 8) in base 6?
-15
-1 (base 15) to base 9
-1
What is -3 (base 6) in base 16?
-3
What is -13 (base 11) in base 12?
-12
Convert 1133 (base 6) to base 14.
157
What is -2 (base 16) in base 4?
-2
Convert 1142 (base 5) to base 15.
b7
What is 106 (base 9) in base 4?
1113
-13 (base 5) to base 7
-11
What is 2 (base 11) in base 4?
2
Convert -53 (base 7) to base 13.
-2c
Convert -1 (base 4) to base 5.
-1
-11 (base 4) to base 2
-101
Convert 175 (base 8) to base 15.
85
Convert -2 (base 4) to base 12.
-2
Convert -440 (base 6) to base 14.
-c0
What is 1 (base 6) in base 2?
1
-45 (base 6) to base 9
-32
What is -3 (base 15) in base 12?
-3
Convert -12 (base 3) to base 8.
-5
-1 (base 6) to base 16
-1
Convert -100110 (base 2) to base 11.
-35
Convert 40 (base 14) to base 10.
56
Convert -4 (base 7) to base 9.
-4
Convert -1101 (base 2) to base 16.
-d
-4 (base 6) to base 9
-4
What is 2 (base 11) in base 13?
2
What is 21 (base 8) in base 15?
12
What is -174 (base 8) in base 6?
-324
-1 (base 15) to base 14
-1
1 (base 13) to base 10
1
1 (base 4) to base 11
1
-11 (base 15) to base 9
-17
What is -1 (base 11) in base 14?
-1
Convert 8 (base 16) to base 8.
10
Convert -212 (base 3) to base 5.
-43
-2 (base 12) to base 2
-10
What is 1 (base 13) in base 7?
1
What is -2 (base 5) in base 3?
-2
Convert -12 (base 10) to base 13.
-c
What is 5 (base 10) in base 14?
5
What is 51 (base 7) in base 5?
121
Convert -14 (base 11) to base 5.
-30
4a (base 11) to base 13
42
-17 (base 16) to base 12
-1b
Convert -79 (base 13) to base 10.
-100
What is 6 (base 9) in base 5?
11
1 (base 10) to base 9
1
What is 5 (base 14) in base 12?
5
-13 (base 4) to base 7
-10
Convert 364 (base 10) to base 8.
554
1 (base 12) to base 13
1
Convert 0 (base 16) to base 2.
0
What is 13 (base 9) in base 14?
c
What is 17 (base 16) in base 2?
10111
7 (base 9) to base 12
7
Convert -8 (base 9) to base 5.
-13
3 (base 13) to base 11
3
14 (base 15) to base 16
13
What is -10110011 (base 2) in base 15?
-be
Convert 3 (base 7) to base 12.
3
Convert -a (base 13) to base 11.
-a
Convert 3 (base 14) to base 3.
10
101 (base 4) to base 16
11
-27 (base 16) to base 8
-47
Convert -40 (base 10) to base 13.
-31
-7 (base 10) to base 9
-7
What is -3b (base 14) in base 15?
-38
15 (base 13) to base 10
18
Convert 3 (base 4) to base 7.
3
What is 2 (base 7) in base 2?
10
What is 4 (base 9) in base 4?
10
322 (base 8) to base 14
110
15 (base 8) to base 12
11
Convert 6 (base 11) to base 16.
6
What is -12 (base 8) in base 7?
-13
-11 (base 2) to base 7
-3
-34 (base 8) to base 16
-1c
-3 (base 12) to base 11
-3
-445 (base 6) to base 11
-148
What is 60 (base 9) in base 6?
130
-6 (base 10) to base 16
-6
143 (base 6) to base 11
58
What is -7 (base 13) in base 11?
-7
2 (base 7) to base 13
2
-271 (base 9) to base 2
-11100010
What is 25 (base 7) in base 5?
34
Convert -3 (base 4) to base 5.
-3
What is a2 (base 11) in base 14?
80
-13 (base 10) to base 2
-1101
What is 1 (base 7) in base 11?
1
Convert 3 (base 13) to base 12.
3
-106 (base 7) to base 12
-47
Convert 5 (base 10) to base 9.
5
-12 (base 8) to base 16
-a
-af (base 16) to base 7
-340
13 (base 4) to base 10
7
Convert 193 (base 14) to base 15.
16a
What is -1000 (base 2) in base 8?
-10
-40 (base 7) to base 15
-1d
What is -2 (base 8) in base 14?
-2
Convert 53 (base 6) to base 14.
25
What is 30 (base 5) in base 15?
10
What is -13 (base 11) in base 4?
-32
Convert -5 (base 9) to base 5.
-10
What is -1221 (base 4) in base 7?
-210
Convert 3 (base 6) to base 4.
3
-45 (base 9) to base 15
-2b
5b (base 16) to base 4
1123
What is 4 (base 15) in base 12?
4
173 (base 9) to base 12
103
Convert 1 (base 12) to base 7.
1
-27 (base 13) to base 3
-1020
What is 11 (base 2) in base 7?
3
Convert 4 (base 7) to base 6.
4
What is 42 (base 13) in base 7?
105
5 (base 12) to base 11
5
Convert 14 (base 11) to base 12.
13
What is 101011 (base 2) in base 14?
31
Convert -2 (base 14) to base 13.
-2
What is -22 (base 4) in base 13?
-a
What is 1100 (base 2) in base 9?
13
-a (base 13) to base 4
-22
Convert -246 (base 7) to base 3.
-11220
Convert 2 (base 4) to base 10.
2
-111 (base 2) to base 5
-12
85 (ba